{"id":16321,"date":"2021-05-21T10:00:00","date_gmt":"2021-05-21T10:00:00","guid":{"rendered":"https:\/\/www.web-rr.de\/GHS-Buecherei\/?page_id=16321"},"modified":"2021-05-21T23:00:00","modified_gmt":"2021-05-21T23:00:00","slug":"p9783964551337","status":"publish","type":"page","link":"https:\/\/www.web-rr.de\/GHS-Buecherei\/index.php\/p9783964551337\/","title":{"rendered":"Erde &#8211; Planet 32"},"content":{"rendered":"<table><tbody><tr><td class='rDTitel' colspan='2'>Atlas der Meere: Eine Reise durch die Wellen und in unbekannte Tiefen<\/td><\/tr><tr><td><span class='rDLabel1'>Status: <\/span><span class='rDText1Gruen'>vorhanden<\/span><\/td><td><span class='rDLabel1'>Antolin: <\/span><span class='rDText1Rot'>Quiz nicht vorhanden.<\/span><\/td><\/tr><tr><td width=50%><img src='https:\/\/www.web-rr.de\/GHS-Buecherei\/wp-content\/uploads\/9783964551337.jpg' alt=''><\/td><td><p class='rDLabel2'>von <span class='rDText2'>Tom Jackson und Ana Djordjevic<\/span><\/p><p class='rDLabel2'>Verlag: <span class='rDText2'>moses. Verlag,  2021,  16.95 \u20ac<\/span><\/p><p class='rDLabel2'>B\u00fccherei-Barcode: <span class='rDText2'>9783964551337<\/span><\/p><p class='rDLabel2'>In der B\u00fccherei erfasst am: <span class='rDText2'>12.12.2023<\/span><\/p><p class='rDLabel2'>Stichw\u00f6rter: <span class='rDText2'>Ebbe, Flut, Wal, Hai, Delfin, Ozeane, Meeresforscher<\/span><\/p><p class='rDLabel2'>Lesealter ca. <span class='rDText2'>8<\/span><span class='rDLabel2'> Jahre<\/span><\/p><p class='rDLabel2'>Das Buch wurde <span class='rDText2'>0<\/span><span class='rDLabel2'> mal gelesen.<\/span><\/p><\/td><\/tr><tr><td colspan='2'><p class='rDLabel1'>Inhalt:<\/p><span class='rDText2'>Eine Reise durch die Wellen und in unbekannte Tiefen\r\nAls kleines Kind zum ersten Mal das Meer sehen, in die endlosen Weiten des Horizonts schauen, Ebbe und Flut beobachten oder einmal einen echten Wal, Hai oder Delfin sehen - Erinnerungen die man nie wieder vergessen wird. Die Ozeane unserer Welt sind voller wundersch\u00f6ner Orte, faszinierender Lebewesen und mysteri\u00f6ser Geheimnisse, die die Kinder in ihren Bann ziehen und begeistern werden.\r\nDer Atlas nimmt die Nachwuchs-Meeresforscher mit auf eine faszinierende und spannende Reise durch die Meere und Ozeane unser Erde. Man taucht hinab zum Meeresboden, bestaunt pr\u00e4chtige Korallenriffe und lernt die atemberaubende Vielfalt des Lebens im Meer kennen.\r\nDie Liebe zum Detail erkennt man in diesem Buch auf jeder der 64 Seiten. Der Autor, Tom Jackson, wei\u00df durch seine Erfahrung aus unz\u00e4hligen naturwissenschaftlichen B\u00fcchern genau, wie Inhalte interessant und verst\u00e4ndlich f\u00fcr Kinder verfasst sein m\u00fcssen. Im Zusammenspiel mit den wundersch\u00f6nen Illustrationen der serbischen Illustratorin Ana Djordjevic sind die Seiten perfekt aufeinander abgestimmt. Mit diesem Lehrbuch gehen die Kinder auf einen unvergesslichen Tauchgang der einfach zum entdecken, staunen und tr\u00e4umen einl\u00e4dt.<\/span><\/td><\/tr><tr><td colspan='2'><a href='#' onclick='history.back(); return false'>Zur\u00fcck<\/a><\/td><\/tr><\/tbody><\/table>\n","protected":false},"excerpt":{"rendered":"<p>&#8211;<\/p>\n","protected":false},"author":1,"featured_media":0,"parent":0,"menu_order":0,"comment_status":"closed","ping_status":"closed","template":"","meta":[],"_links":{"self":[{"href":"https:\/\/www.web-rr.de\/GHS-Buecherei\/index.php\/wp-json\/wp\/v2\/pages\/16321"}],"collection":[{"href":"https:\/\/www.web-rr.de\/GHS-Buecherei\/index.php\/wp-json\/wp\/v2\/pages"}],"about":[{"href":"https:\/\/www.web-rr.de\/GHS-Buecherei\/index.php\/wp-json\/wp\/v2\/types\/page"}],"author":[{"embeddable":true,"href":"https:\/\/www.web-rr.de\/GHS-Buecherei\/index.php\/wp-json\/wp\/v2\/users\/1"}],"replies":[{"embeddable":true,"href":"https:\/\/www.web-rr.de\/GHS-Buecherei\/index.php\/wp-json\/wp\/v2\/comments?post=16321"}],"version-history":[{"count":0,"href":"https:\/\/www.web-rr.de\/GHS-Buecherei\/index.php\/wp-json\/wp\/v2\/pages\/16321\/revisions"}],"wp:attachment":[{"href":"https:\/\/www.web-rr.de\/GHS-Buecherei\/index.php\/wp-json\/wp\/v2\/media?parent=16321"}],"curies":[{"name":"wp","href":"https:\/\/api.w.org\/{rel}","templated":true}]}}