{"id":16311,"date":"2021-05-21T10:00:00","date_gmt":"2021-05-21T10:00:00","guid":{"rendered":"https:\/\/www.web-rr.de\/GHS-Buecherei\/?page_id=16311"},"modified":"2021-05-21T23:00:00","modified_gmt":"2021-05-21T23:00:00","slug":"p9783950392296","status":"publish","type":"page","link":"https:\/\/www.web-rr.de\/GHS-Buecherei\/index.php\/p9783950392296\/","title":{"rendered":"Englisch &#8211; Tiere 15"},"content":{"rendered":"<table><tbody><tr><td class='rDTitel' colspan='2'>Emily, die kleine Springmaus: Dt. \/Engl.<\/td><\/tr><tr><td><span class='rDLabel1'>Status: <\/span><span class='rDText1Gruen'>vorhanden<\/span><\/td><td><span class='rDLabel1'>Antolin: <\/span><span class='rDText1Rot'>Quiz nicht vorhanden.<\/span><\/td><\/tr><tr><td width=50%><img src='https:\/\/www.web-rr.de\/GHS-Buecherei\/wp-content\/uploads\/9783950392296.jpg' alt=''><\/td><td><p class='rDLabel2'>von <span class='rDText2'>Finchen Star, Karina Cappato<\/span><\/p><p class='rDLabel2'>Verlag: <span class='rDText2'>Featherworks Publishing Austria,  2017,  15.90 \u20ac<\/span><\/p><p class='rDLabel2'>B\u00fccherei-Barcode: <span class='rDText2'>9783950392296<\/span><\/p><p class='rDLabel2'>In der B\u00fccherei erfasst am: <span class='rDText2'>12.12.2023<\/span><\/p><p class='rDLabel2'>Stichw\u00f6rter: <span class='rDText2'>Englisch, Deutsch, Maus, Familie, Tanz, Ballett<\/span><\/p><p class='rDLabel2'>Lesealter ca. <span class='rDText2'>6<\/span><span class='rDLabel2'> Jahre<\/span><\/p><p class='rDLabel2'>Das Buch wurde <span class='rDText2'>0<\/span><span class='rDLabel2'> mal gelesen.<\/span><\/p><\/td><\/tr><tr><td colspan='2'><p class='rDLabel1'>Inhalt:<\/p><span class='rDText2'>Deutsch: Hallo, mein Name ist Emily Dreik\u00e4sehoch! Ich bin das kleinste M\u00e4usekind in meiner Familie. Alle meine Angeh\u00f6rigen lieben mich sehr und sind um mein Wohlergehen bem\u00fcht. Ich liebe es, von morgens bis abends zu springen und herumzutollen, aber noch viel lieber mag ich es, wenn meine Oma eine spannende Geschichte erz\u00e4hlt. Neugierig geworden? Dann lass dich doch einfach in die farbenreiche Welt der kleinen quirligen M\u00e4use entf\u00fchren und lausche der tollen Geschichte von Oma-Maus. Viel Spa\u00df! Englisch: Hello, my name is Emily Lilsqueak! I am the smallest kid mouse in my family. All my family ones love me very much and are concerned about my welfare. I love to jump and romp around from morning to night, but what I like the most is when my grandmother tells me an exciting story. Nosy? Come and enjoy the colourful world of bubbly mice and listen to the interesting stories of grandmother-mouse. Enjoy reading!<\/span><\/td><\/tr><tr><td colspan='2'><a href='#' onclick='history.back(); return false'>Zur\u00fcck<\/a><\/td><\/tr><\/tbody><\/table>\n","protected":false},"excerpt":{"rendered":"<p>&#8211;<\/p>\n","protected":false},"author":1,"featured_media":0,"parent":0,"menu_order":0,"comment_status":"closed","ping_status":"closed","template":"","meta":[],"_links":{"self":[{"href":"https:\/\/www.web-rr.de\/GHS-Buecherei\/index.php\/wp-json\/wp\/v2\/pages\/16311"}],"collection":[{"href":"https:\/\/www.web-rr.de\/GHS-Buecherei\/index.php\/wp-json\/wp\/v2\/pages"}],"about":[{"href":"https:\/\/www.web-rr.de\/GHS-Buecherei\/index.php\/wp-json\/wp\/v2\/types\/page"}],"author":[{"embeddable":true,"href":"https:\/\/www.web-rr.de\/GHS-Buecherei\/index.php\/wp-json\/wp\/v2\/users\/1"}],"replies":[{"embeddable":true,"href":"https:\/\/www.web-rr.de\/GHS-Buecherei\/index.php\/wp-json\/wp\/v2\/comments?post=16311"}],"version-history":[{"count":0,"href":"https:\/\/www.web-rr.de\/GHS-Buecherei\/index.php\/wp-json\/wp\/v2\/pages\/16311\/revisions"}],"wp:attachment":[{"href":"https:\/\/www.web-rr.de\/GHS-Buecherei\/index.php\/wp-json\/wp\/v2\/media?parent=16311"}],"curies":[{"name":"wp","href":"https:\/\/api.w.org\/{rel}","templated":true}]}}