{"id":16296,"date":"2021-05-21T10:00:00","date_gmt":"2021-05-21T10:00:00","guid":{"rendered":"https:\/\/www.web-rr.de\/GHS-Buecherei\/?page_id=16296"},"modified":"2021-05-21T23:00:00","modified_gmt":"2021-05-21T23:00:00","slug":"p9783359030119","status":"publish","type":"page","link":"https:\/\/www.web-rr.de\/GHS-Buecherei\/index.php\/p9783359030119\/","title":{"rendered":"Musik 45"},"content":{"rendered":"<table><tbody><tr><td class='rDTitel' colspan='2'>Die Affen rasen durch den Wald<\/td><\/tr><tr><td><span class='rDLabel1'>Status: <\/span><span class='rDText1Gruen'>vorhanden<\/span><\/td><td><span class='rDLabel1'>Antolin: <\/span><span class='rDText1Rot'>Quiz nicht vorhanden.<\/span><\/td><\/tr><tr><td width=50%><img src='https:\/\/www.web-rr.de\/GHS-Buecherei\/wp-content\/uploads\/9783359030119.jpg' alt=''><\/td><td><p class='rDLabel2'>von <span class='rDText2'>Karoline Grunske<\/span><\/p><p class='rDLabel2'>Verlag: <span class='rDText2'>Eulenspiegel,  2021,  8.00 \u20ac<\/span><\/p><p class='rDLabel2'>B\u00fccherei-Barcode: <span class='rDText2'>9783359030119<\/span><\/p><p class='rDLabel2'>In der B\u00fccherei erfasst am: <span class='rDText2'>12.12.2023<\/span><\/p><p class='rDLabel2'>Stichw\u00f6rter: <span class='rDText2'>Tiere, Musik, Urwald, Lieder<\/span><\/p><p class='rDLabel2'>Lesealter ca. <span class='rDText2'>6<\/span><span class='rDLabel2'> Jahre<\/span><\/p><p class='rDLabel2'>Das Buch wurde <span class='rDText2'>0<\/span><span class='rDLabel2'> mal gelesen.<\/span><\/p><\/td><\/tr><tr><td colspan='2'><p class='rDLabel1'>Inhalt:<\/p><span class='rDText2'>Was f\u00fcr ein freches Lied! Und welch diebisches Vergn\u00fcgen haben die Kinder, wenn sie es singen! Die Affenbande ist in heller Aufregung. Wer hat die Kokosnuss geklaut? War es die Affenmama, der Affenonkel, der Affenmilchmann ...? Ein richtiger Krimi l\u00e4uft im Urwald ab, und jeder ist verd\u00e4chtig. Nur an das Affenbaby hat keiner gedacht. Und so l\u00f6st sich nach einer turbulenten Jagd die B\u00e4ume rauf, die B\u00e4ume runter dann doch alles friedlich auf. \u2013 Herkunft und Entstehung des spa\u00dfigen Lieds sind unklar; wahrscheinlich haben es zun\u00e4chst Jugendliche und Erwachsene gesungen. Seit den f\u00fcnfziger Jahren des vorigen Jahrhunderts wurde es immer mehr zu einem popul\u00e4ren Kinderlied und fand Aufnahme in Kinderlieder-Sammlungen. Erstmals erscheint es hier als eigenst\u00e4ndiges Buch, reich und lustig illustriert und mit abgedruckten Noten zum fr\u00f6hlichen Nachsingen.<\/span><\/td><\/tr><tr><td colspan='2'><a href='#' onclick='history.back(); return false'>Zur\u00fcck<\/a><\/td><\/tr><\/tbody><\/table>\n","protected":false},"excerpt":{"rendered":"<p>&#8211;<\/p>\n","protected":false},"author":1,"featured_media":0,"parent":0,"menu_order":0,"comment_status":"closed","ping_status":"closed","template":"","meta":[],"_links":{"self":[{"href":"https:\/\/www.web-rr.de\/GHS-Buecherei\/index.php\/wp-json\/wp\/v2\/pages\/16296"}],"collection":[{"href":"https:\/\/www.web-rr.de\/GHS-Buecherei\/index.php\/wp-json\/wp\/v2\/pages"}],"about":[{"href":"https:\/\/www.web-rr.de\/GHS-Buecherei\/index.php\/wp-json\/wp\/v2\/types\/page"}],"author":[{"embeddable":true,"href":"https:\/\/www.web-rr.de\/GHS-Buecherei\/index.php\/wp-json\/wp\/v2\/users\/1"}],"replies":[{"embeddable":true,"href":"https:\/\/www.web-rr.de\/GHS-Buecherei\/index.php\/wp-json\/wp\/v2\/comments?post=16296"}],"version-history":[{"count":0,"href":"https:\/\/www.web-rr.de\/GHS-Buecherei\/index.php\/wp-json\/wp\/v2\/pages\/16296\/revisions"}],"wp:attachment":[{"href":"https:\/\/www.web-rr.de\/GHS-Buecherei\/index.php\/wp-json\/wp\/v2\/media?parent=16296"}],"curies":[{"name":"wp","href":"https:\/\/api.w.org\/{rel}","templated":true}]}}