{"id":16295,"date":"2021-05-21T10:00:00","date_gmt":"2021-05-21T10:00:00","guid":{"rendered":"https:\/\/www.web-rr.de\/GHS-Buecherei\/?page_id=16295"},"modified":"2021-05-21T23:00:00","modified_gmt":"2021-05-21T23:00:00","slug":"p9783458178859","status":"publish","type":"page","link":"https:\/\/www.web-rr.de\/GHS-Buecherei\/index.php\/p9783458178859\/","title":{"rendered":"Musik 44"},"content":{"rendered":"<table><tbody><tr><td class='rDTitel' colspan='2'>Bob Dylan: Little People, Big Dreams<\/td><\/tr><tr><td><span class='rDLabel1'>Status: <\/span><span class='rDText1Gruen'>vorhanden<\/span><\/td><td><span class='rDLabel1'>Antolin: <\/span><span class='rDText1Gruen'>ja, Empfehlung Klasse 2<\/span><\/td><\/tr><tr><td width=50%><img src='https:\/\/www.web-rr.de\/GHS-Buecherei\/wp-content\/uploads\/9783458178859.jpg' alt=''><\/td><td><p class='rDLabel2'>von <span class='rDText2'> Mar\u00eda Isabel S\u00e1nchez Vegara , Conrad Roset<\/span><\/p><p class='rDLabel2'>Verlag: <span class='rDText2'>,  2020,  13.95 \u20ac<\/span><\/p><p class='rDLabel2'>B\u00fccherei-Barcode: <span class='rDText2'>9783458178859<\/span><\/p><p class='rDLabel2'>In der B\u00fccherei erfasst am: <span class='rDText2'>12.12.2023<\/span><\/p><p class='rDLabel2'>Stichw\u00f6rter: <span class='rDText2'>Rock, Folk, Country, Blues, Gospel, Gitarre, Mundharmonika, Orgel, Klavier, Nobelpreis<\/span><\/p><p class='rDLabel2'>Lesealter ca. <span class='rDText2'>7<\/span><span class='rDLabel2'> Jahre<\/span><\/p><p class='rDLabel2'>Das Buch wurde <span class='rDText2'>0<\/span><span class='rDLabel2'> mal gelesen.<\/span><\/p><\/td><\/tr><tr><td colspan='2'><p class='rDLabel1'>Inhalt:<\/p><span class='rDText2'>Bereits als Teenager schw\u00e4rmte Bob f\u00fcr Instrumente: Gitarre, Mundharmonika, Orgel, Klavier. Und f\u00fcr alle m\u00f6glichen Stilrichtungen: Rock, Folk, Country, Blues, Gospel ... Mit zwanzig zog er nach New York und begann, seine selbstgeschriebenen Songs zu performen. Er gilt als einer der einflussreichsten Musiker und erhielt f\u00fcr seine Texte sogar den Nobelpreis f\u00fcr Literatur.\r\nLittle People, Big Dreams erz\u00e4hlt von den beeindruckenden Lebensgeschichten gro\u00dfer Menschen: Jede dieser Pers\u00f6nlichkeiten, ob Malerin, S\u00e4nger oder Architektin, hat Unvorstellbares erreicht. Dabei begann alles, als sie noch klein waren: mit gro\u00dfen Tr\u00e4umen.<\/span><\/td><\/tr><tr><td colspan='2'><a href='#' onclick='history.back(); return false'>Zur\u00fcck<\/a><\/td><\/tr><\/tbody><\/table>\n","protected":false},"excerpt":{"rendered":"<p>&#8211;<\/p>\n","protected":false},"author":1,"featured_media":0,"parent":0,"menu_order":0,"comment_status":"closed","ping_status":"closed","template":"","meta":[],"_links":{"self":[{"href":"https:\/\/www.web-rr.de\/GHS-Buecherei\/index.php\/wp-json\/wp\/v2\/pages\/16295"}],"collection":[{"href":"https:\/\/www.web-rr.de\/GHS-Buecherei\/index.php\/wp-json\/wp\/v2\/pages"}],"about":[{"href":"https:\/\/www.web-rr.de\/GHS-Buecherei\/index.php\/wp-json\/wp\/v2\/types\/page"}],"author":[{"embeddable":true,"href":"https:\/\/www.web-rr.de\/GHS-Buecherei\/index.php\/wp-json\/wp\/v2\/users\/1"}],"replies":[{"embeddable":true,"href":"https:\/\/www.web-rr.de\/GHS-Buecherei\/index.php\/wp-json\/wp\/v2\/comments?post=16295"}],"version-history":[{"count":0,"href":"https:\/\/www.web-rr.de\/GHS-Buecherei\/index.php\/wp-json\/wp\/v2\/pages\/16295\/revisions"}],"wp:attachment":[{"href":"https:\/\/www.web-rr.de\/GHS-Buecherei\/index.php\/wp-json\/wp\/v2\/media?parent=16295"}],"curies":[{"name":"wp","href":"https:\/\/api.w.org\/{rel}","templated":true}]}}