{"id":16124,"date":"2021-05-21T10:00:00","date_gmt":"2021-05-21T10:00:00","guid":{"rendered":"https:\/\/www.web-rr.de\/GHS-Buecherei\/?page_id=16124"},"modified":"2021-05-21T23:00:00","modified_gmt":"2021-05-21T23:00:00","slug":"p9783964281777","status":"publish","type":"page","link":"https:\/\/www.web-rr.de\/GHS-Buecherei\/index.php\/p9783964281777\/","title":{"rendered":"Bilderbuch C-167"},"content":{"rendered":"<table><tbody><tr><td class='rDTitel' colspan='2'>Die Ente blinzelt nicht<\/td><\/tr><tr><td><span class='rDLabel1'>Status: <\/span><span class='rDText1Gruen'>vorhanden<\/span><\/td><td><span class='rDLabel1'>Antolin: <\/span><span class='rDText1Gruen'>ja, Empfehlung Klasse 2<\/span><\/td><\/tr><tr><td width=50%><img src='https:\/\/www.web-rr.de\/GHS-Buecherei\/wp-content\/uploads\/9783964281777.jpg' alt=''><\/td><td><p class='rDLabel2'>von <span class='rDText2'>Alex Latimer<\/span><\/p><p class='rDLabel2'>Verlag: <span class='rDText2'>Verlagshaus Jacoby & Stuart,  2023,  15.00 \u20ac<\/span><\/p><p class='rDLabel2'>B\u00fccherei-Barcode: <span class='rDText2'>9783964281777<\/span><\/p><p class='rDLabel2'>In der B\u00fccherei erfasst am: <span class='rDText2'>23.11.2023<\/span><\/p><p class='rDLabel2'>Stichw\u00f6rter: <span class='rDText2'>Tiere, Ente, Blinzeln, Witz<\/span><\/p><p class='rDLabel2'>Lesealter ca. <span class='rDText2'>5<\/span><span class='rDLabel2'> Jahre<\/span><\/p><p class='rDLabel2'>Das Buch wurde <span class='rDText2'>2<\/span><span class='rDLabel2'> mal gelesen.<\/span><\/p><\/td><\/tr><tr><td colspan='2'><p class='rDLabel1'>Inhalt:<\/p><span class='rDText2'>Ein unfassbar schwieriger Starr-Wettbewerb: urkomisch und wunderbar albern! Siehst du die Ente da dr\u00fcben? Du kannst sie den ganzen Tag beobachten, und sie wird nicht ein einziges Mal blinzeln. Nichts bringt sie dazu: kein Grimassenschneiden, kein Schreien, keine Witze, nicht einmal traurige Geschichten. Egal, wie lange du die Ente anstarrst, sie denkt nicht daran, auch nur einmal zu blinzeln. Aber wehe, du schaust auch nur ganz kurz weg \u2026 Kinder schmei\u00dfen sich weg vor Lachen und erfinden sofort ihr ganz eigenes Blinzelspiel. Die Erwachsenen aber k\u00f6nnen sich das Schmunzeln einfach nicht verkneifen. Und eine Frage bleibt: Ist das \u00fcberhaupt eine Ente?<\/span><\/td><\/tr><tr><td colspan='2'><a href='#' onclick='history.back(); return false'>Zur\u00fcck<\/a><\/td><\/tr><\/tbody><\/table>\n","protected":false},"excerpt":{"rendered":"<p>&#8211;<\/p>\n","protected":false},"author":1,"featured_media":0,"parent":0,"menu_order":0,"comment_status":"closed","ping_status":"closed","template":"","meta":[],"_links":{"self":[{"href":"https:\/\/www.web-rr.de\/GHS-Buecherei\/index.php\/wp-json\/wp\/v2\/pages\/16124"}],"collection":[{"href":"https:\/\/www.web-rr.de\/GHS-Buecherei\/index.php\/wp-json\/wp\/v2\/pages"}],"about":[{"href":"https:\/\/www.web-rr.de\/GHS-Buecherei\/index.php\/wp-json\/wp\/v2\/types\/page"}],"author":[{"embeddable":true,"href":"https:\/\/www.web-rr.de\/GHS-Buecherei\/index.php\/wp-json\/wp\/v2\/users\/1"}],"replies":[{"embeddable":true,"href":"https:\/\/www.web-rr.de\/GHS-Buecherei\/index.php\/wp-json\/wp\/v2\/comments?post=16124"}],"version-history":[{"count":0,"href":"https:\/\/www.web-rr.de\/GHS-Buecherei\/index.php\/wp-json\/wp\/v2\/pages\/16124\/revisions"}],"wp:attachment":[{"href":"https:\/\/www.web-rr.de\/GHS-Buecherei\/index.php\/wp-json\/wp\/v2\/media?parent=16124"}],"curies":[{"name":"wp","href":"https:\/\/api.w.org\/{rel}","templated":true}]}}