{"id":16107,"date":"2021-05-21T10:00:00","date_gmt":"2021-05-21T10:00:00","guid":{"rendered":"https:\/\/www.web-rr.de\/GHS-Buecherei\/?page_id=16107"},"modified":"2021-05-21T23:00:00","modified_gmt":"2021-05-21T23:00:00","slug":"p9783866594074","status":"publish","type":"page","link":"https:\/\/www.web-rr.de\/GHS-Buecherei\/index.php\/p9783866594074\/","title":{"rendered":"Natur &#8211; Lexika 32"},"content":{"rendered":"<table><tbody><tr><td class='rDTitel' colspan='2'>Entdecke Dodo, Beutelwolf & Co: faszinierende ausgerottete Tiere: faszinierende ausgerottete Tierarten<\/td><\/tr><tr><td><span class='rDLabel1'>Status: <\/span><span class='rDText1Gruen'>vorhanden<\/span><\/td><td><span class='rDLabel1'>Antolin: <\/span><span class='rDText1Rot'>Quiz nicht vorhanden.<\/span><\/td><\/tr><tr><td width=50%><img src='https:\/\/www.web-rr.de\/GHS-Buecherei\/wp-content\/uploads\/9783866594074.jpg' alt=''><\/td><td><p class='rDLabel2'>von <span class='rDText2'>Edwin Antonius<\/span><\/p><p class='rDLabel2'>Verlag: <span class='rDText2'>Natur und Tier; 1. Edition,  2019,  16.80 \u20ac<\/span><\/p><p class='rDLabel2'>B\u00fccherei-Barcode: <span class='rDText2'>9783866594074<\/span><\/p><p class='rDLabel2'>In der B\u00fccherei erfasst am: <span class='rDText2'>11.12.2022<\/span><\/p><p class='rDLabel2'>Stichw\u00f6rter: <span class='rDText2'>Ausrottung, Wildtiere, Ausgestorben<\/span><\/p><p class='rDLabel2'>Lesealter ca. <span class='rDText2'>8<\/span><span class='rDLabel2'> Jahre<\/span><\/p><p class='rDLabel2'>Das Buch wurde <span class='rDText2'>1<\/span><span class='rDLabel2'> mal gelesen.<\/span><\/p><\/td><\/tr><tr><td colspan='2'><p class='rDLabel1'>Inhalt:<\/p><span class='rDText2'>Um bedrohte Tiere vor der Ausrottung sch\u00fctzen zu k\u00f6nnen, m\u00fcssen wir nicht nur \u00fcber sie m\u00f6glichst viel wissen \u2013 wichtig ist es auch zu erfahren, warum andere Arten und Unterarten bereits verschwunden sind, damit wir verhindern k\u00f6nnen, dass weitere Tiere dasselbe Schicksal erleiden. In diesem Buch erf\u00e4hrst du von verschiedenen faszinierenden Wildtieren, die in der Zeit seit dem Jahr 1500 von Menschen ausgerottet worden sind. Begib dich auf eine spannende Entdeckungsreise in eine verlorene Welt! Aus dem Inhalt - Warum Wissen \u00fcber verschwundene Tiere so wichtig ist - Der Unterschied zwischen \"ausgestorben\" und \"ausgerottet\" - Gr\u00fcnde von Ausrottungen - Woher wir von ausgerotteten Tieren wissen - Spannend zu lesende Portr\u00e4ts ausgerotteter Tiere \u2013 von der Dronte \u00fcber den Beutelwolf bis zur Goldkr\u00f6te Extras: Gro\u00dfes Quiz \u00fcber ausgerottete Tiere<\/span><\/td><\/tr><tr><td colspan='2'><a href='#' onclick='history.back(); return false'>Zur\u00fcck<\/a><\/td><\/tr><\/tbody><\/table>\n","protected":false},"excerpt":{"rendered":"<p>&#8211;<\/p>\n","protected":false},"author":1,"featured_media":0,"parent":0,"menu_order":0,"comment_status":"closed","ping_status":"closed","template":"","meta":[],"_links":{"self":[{"href":"https:\/\/www.web-rr.de\/GHS-Buecherei\/index.php\/wp-json\/wp\/v2\/pages\/16107"}],"collection":[{"href":"https:\/\/www.web-rr.de\/GHS-Buecherei\/index.php\/wp-json\/wp\/v2\/pages"}],"about":[{"href":"https:\/\/www.web-rr.de\/GHS-Buecherei\/index.php\/wp-json\/wp\/v2\/types\/page"}],"author":[{"embeddable":true,"href":"https:\/\/www.web-rr.de\/GHS-Buecherei\/index.php\/wp-json\/wp\/v2\/users\/1"}],"replies":[{"embeddable":true,"href":"https:\/\/www.web-rr.de\/GHS-Buecherei\/index.php\/wp-json\/wp\/v2\/comments?post=16107"}],"version-history":[{"count":0,"href":"https:\/\/www.web-rr.de\/GHS-Buecherei\/index.php\/wp-json\/wp\/v2\/pages\/16107\/revisions"}],"wp:attachment":[{"href":"https:\/\/www.web-rr.de\/GHS-Buecherei\/index.php\/wp-json\/wp\/v2\/media?parent=16107"}],"curies":[{"name":"wp","href":"https:\/\/api.w.org\/{rel}","templated":true}]}}