{"id":16087,"date":"2021-05-21T10:00:00","date_gmt":"2021-05-21T10:00:00","guid":{"rendered":"https:\/\/www.web-rr.de\/GHS-Buecherei\/?page_id=16087"},"modified":"2021-05-21T23:00:00","modified_gmt":"2021-05-21T23:00:00","slug":"p9783957283863","status":"publish","type":"page","link":"https:\/\/www.web-rr.de\/GHS-Buecherei\/index.php\/p9783957283863\/","title":{"rendered":"Fr\u00fcher + Heute 60"},"content":{"rendered":"<table><tbody><tr><td class='rDTitel' colspan='2'>Professor Albert und das Abenteuer der Relativit\u00e4tstheorie<\/td><\/tr><tr><td><span class='rDLabel1'>Status: <\/span><span class='rDText1Gruen'>vorhanden<\/span><\/td><td><span class='rDLabel1'>Antolin: <\/span><span class='rDText1Gruen'>ja, Empfehlung Klasse 5<\/span><\/td><\/tr><tr><td width=50%><img src='https:\/\/www.web-rr.de\/GHS-Buecherei\/wp-content\/uploads\/9783957283863.jpg' alt=''><\/td><td><p class='rDLabel2'>von <span class='rDText2'>Sheddad Kaid-Salah Ferr\u00f3n, Eduard Altarriba<\/span><\/p><p class='rDLabel2'>Verlag: <span class='rDText2'>Knesebeck,  2020,  18.00 \u20ac<\/span><\/p><p class='rDLabel2'>B\u00fccherei-Barcode: <span class='rDText2'>9783957283863<\/span><\/p><p class='rDLabel2'>In der B\u00fccherei erfasst am: <span class='rDText2'>09.12.2022<\/span><\/p><p class='rDLabel2'>Stichw\u00f6rter: <span class='rDText2'>Einstein, Physik, Raum, Zeit, Relativit\u00e4tstheorie, Quantenphysik, Universum<\/span><\/p><p class='rDLabel2'>Lesealter ca. <span class='rDText2'>9<\/span><span class='rDLabel2'> Jahre<\/span><\/p><p class='rDLabel2'>Das Buch wurde <span class='rDText2'>0<\/span><span class='rDLabel2'> mal gelesen.<\/span><\/p><\/td><\/tr><tr><td colspan='2'><p class='rDLabel1'>Inhalt:<\/p><span class='rDText2'>Albert Einstein als lustiger Erz\u00e4hler f\u00fchrt Kinder unterhaltsam durch die Relativit\u00e4tstheorie\r\nEinsteins Relativit\u00e4tstheorie stellt unsere Vorstellung von Raum und Zeit auf den Kopf! Verr\u00fcckte Dinge passieren in einem relativen Universum. So kann die Zeit langsamer oder schneller vergehen oder sogar gekr\u00fcmmt sein, der Raum kann sich zusammenziehen, und Dinge werden schwerer, wenn sie sich bewegen! So kann ein Zeitraum von Hunderten von Jahren f\u00fcr jemanden auf der Erde nur ein paar Stunden betragen, wenn er sich in einer Rakete nahe der Lichtgeschwindigkeit bewegt. Das ist alles sehr verwirrend, aber die Relativit\u00e4tstheorie hat einen gro\u00dfen Einfluss auf unsere heutige Welt. Das GPS-Navigationssystem eines Autos zum Beispiel nutzt die Informationen, die von Satelliten im Orbit empfangen werden, und ber\u00fccksichtigt dabei, dass die Zeit auf diesen Satelliten anders tickt als auf dem Boden. Sonst k\u00f6nnten schon nach einem Tag unser tats\u00e4chlicher Aufenthaltsort und unsere GPS-Position um acht Kilometer voneinander abweichen. Nach Professor Albert und das Geheimnis der Quantenphysik widmet sich nun Professor Albert Einstein der Erkl\u00e4rung von Raum und Zeit und deren Zusammenhang in der Relativit\u00e4tstheorie.\r\nPhysik einfach und anschaulich erkl\u00e4rt\r\nWas sind eigentlich Raum und Zeit? Wie werden Sie gemessen? Wie h\u00e4ngen Bewegung und Geschwindigkeit zusammen? Was ist E = mc2? Wer herausfinden m\u00f6chte, wie unser Universum funktioniert und wie Raum und Zeit verbunden sind, erf\u00e4hrt in diesem bunt illustrierten und witzigen Kinderbuch von dem schlauen Professor Albert mehr \u00fcber die faszinierende, mysteri\u00f6se Welt der Physik und der Relativit\u00e4tstheorie.<\/span><\/td><\/tr><tr><td colspan='2'><a href='#' onclick='history.back(); return false'>Zur\u00fcck<\/a><\/td><\/tr><\/tbody><\/table>\n","protected":false},"excerpt":{"rendered":"<p>&#8211;<\/p>\n","protected":false},"author":1,"featured_media":0,"parent":0,"menu_order":0,"comment_status":"closed","ping_status":"closed","template":"","meta":[],"_links":{"self":[{"href":"https:\/\/www.web-rr.de\/GHS-Buecherei\/index.php\/wp-json\/wp\/v2\/pages\/16087"}],"collection":[{"href":"https:\/\/www.web-rr.de\/GHS-Buecherei\/index.php\/wp-json\/wp\/v2\/pages"}],"about":[{"href":"https:\/\/www.web-rr.de\/GHS-Buecherei\/index.php\/wp-json\/wp\/v2\/types\/page"}],"author":[{"embeddable":true,"href":"https:\/\/www.web-rr.de\/GHS-Buecherei\/index.php\/wp-json\/wp\/v2\/users\/1"}],"replies":[{"embeddable":true,"href":"https:\/\/www.web-rr.de\/GHS-Buecherei\/index.php\/wp-json\/wp\/v2\/comments?post=16087"}],"version-history":[{"count":0,"href":"https:\/\/www.web-rr.de\/GHS-Buecherei\/index.php\/wp-json\/wp\/v2\/pages\/16087\/revisions"}],"wp:attachment":[{"href":"https:\/\/www.web-rr.de\/GHS-Buecherei\/index.php\/wp-json\/wp\/v2\/media?parent=16087"}],"curies":[{"name":"wp","href":"https:\/\/api.w.org\/{rel}","templated":true}]}}