{"id":16055,"date":"2021-05-21T10:00:00","date_gmt":"2021-05-21T10:00:00","guid":{"rendered":"https:\/\/www.web-rr.de\/GHS-Buecherei\/?page_id=16055"},"modified":"2021-05-21T23:00:00","modified_gmt":"2021-05-21T23:00:00","slug":"p9783401715803","status":"publish","type":"page","link":"https:\/\/www.web-rr.de\/GHS-Buecherei\/index.php\/p9783401715803\/","title":{"rendered":"Erstlesen 154"},"content":{"rendered":"<table><tbody><tr><td class='rDTitel' colspan='2'>Das Geheimnis der Piratendrachen<\/td><\/tr><tr><td><span class='rDLabel1'>Status: <\/span><span class='rDText1Gruen'>vorhanden<\/span><\/td><td><span class='rDLabel1'>Antolin: <\/span><span class='rDText1Gruen'>ja, Empfehlung Klasse 1<\/span><\/td><\/tr><tr><td width=50%><img src='https:\/\/www.web-rr.de\/GHS-Buecherei\/wp-content\/uploads\/9783401715803.jpg' alt=''><\/td><td><p class='rDLabel2'>von <span class='rDText2'>Christian Seltmann und Angela Gstalte<\/span><\/p><p class='rDLabel2'>Verlag: <span class='rDText2'>Arena,  2020,  9.00 \u20ac<\/span><\/p><p class='rDLabel2'>B\u00fccherei-Barcode: <span class='rDText2'>9783401715803<\/span><\/p><p class='rDLabel2'>In der B\u00fccherei erfasst am: <span class='rDText2'>05.12.2022<\/span><\/p><p class='rDLabel2'>Stichw\u00f6rter: <span class='rDText2'>Geheimnis, Piraten, Insel, Spannung, Abenteuer, Abenteuerfahrt, \u00dcberraschung, Drachen<\/span><\/p><p class='rDLabel2'>Lesealter ca. <span class='rDText2'>6<\/span><span class='rDLabel2'> Jahre<\/span><\/p><p class='rDLabel2'>Das Buch wurde <span class='rDText2'>1<\/span><span class='rDLabel2'> mal gelesen.<\/span><\/p><\/td><\/tr><tr><td colspan='2'><p class='rDLabel1'>Inhalt:<\/p><span class='rDText2'>Lesenlernen mit dem B\u00fccherb\u00e4r Dieses Buch richtet sich an Leseanf\u00e4nger in der 1. Klasse. Die \u00fcbersichtlichen Leseeinheiten und kurzen Zeilen sind ideal zum Lesenlernen. Zahlreiche Bildergeschichten unterst\u00fctzten das Textverst\u00e4ndnis. Zus\u00e4tzlich regen lustige Buchstaben- und Leser\u00e4tsel am Ende des Buches zum Nachdenken und zum Gespr\u00e4ch \u00fcber die Geschichte an. Denn Kinder, die viel Gelegenheit zum Sprechen haben, lernen schneller lesen. Lissi h\u00fctet ein Geheimnis. Und auch die Piraten, die nachts auf Lissis Insel landen, lassen sich nicht in die Karten gucken. Ob diese Kerle etwas mit dem Verschwinden von Lissis Mama zu tun haben? Oder etwa der gemeine Admiral Gordo? Gemeinsam begeben sich Lissi und die Piraten auf eine Abenteuerfahrt und erleben eine drachenm\u00e4\u00dfige \u00dcberraschung! Weitere Erstleserb\u00e4nde von Christian Seltmann: Kommissar Ping und das Kaugummi-Geheimnis Henri erbt ein Monster Ein Kuschelmonster f\u00fcr die Lesenacht Mira, Oskar und die Buchstaben-Magie Empfohlen von Westermann Mit B\u00fccherb\u00e4rfigur am Leseb\u00e4ndchen Gelistet auf Antolin.de<\/span><\/td><\/tr><tr><td colspan='2'><a href='#' onclick='history.back(); return false'>Zur\u00fcck<\/a><\/td><\/tr><\/tbody><\/table>\n","protected":false},"excerpt":{"rendered":"<p>&#8211;<\/p>\n","protected":false},"author":1,"featured_media":0,"parent":0,"menu_order":0,"comment_status":"closed","ping_status":"closed","template":"","meta":[],"_links":{"self":[{"href":"https:\/\/www.web-rr.de\/GHS-Buecherei\/index.php\/wp-json\/wp\/v2\/pages\/16055"}],"collection":[{"href":"https:\/\/www.web-rr.de\/GHS-Buecherei\/index.php\/wp-json\/wp\/v2\/pages"}],"about":[{"href":"https:\/\/www.web-rr.de\/GHS-Buecherei\/index.php\/wp-json\/wp\/v2\/types\/page"}],"author":[{"embeddable":true,"href":"https:\/\/www.web-rr.de\/GHS-Buecherei\/index.php\/wp-json\/wp\/v2\/users\/1"}],"replies":[{"embeddable":true,"href":"https:\/\/www.web-rr.de\/GHS-Buecherei\/index.php\/wp-json\/wp\/v2\/comments?post=16055"}],"version-history":[{"count":0,"href":"https:\/\/www.web-rr.de\/GHS-Buecherei\/index.php\/wp-json\/wp\/v2\/pages\/16055\/revisions"}],"wp:attachment":[{"href":"https:\/\/www.web-rr.de\/GHS-Buecherei\/index.php\/wp-json\/wp\/v2\/media?parent=16055"}],"curies":[{"name":"wp","href":"https:\/\/api.w.org\/{rel}","templated":true}]}}