{"id":16020,"date":"2021-05-21T10:00:00","date_gmt":"2021-05-21T10:00:00","guid":{"rendered":"https:\/\/www.web-rr.de\/GHS-Buecherei\/?page_id=16020"},"modified":"2021-05-21T23:00:00","modified_gmt":"2021-05-21T23:00:00","slug":"p9783280080276","status":"publish","type":"page","link":"https:\/\/www.web-rr.de\/GHS-Buecherei\/index.php\/p9783280080276\/","title":{"rendered":"Bilderbuch A-142"},"content":{"rendered":"<table><tbody><tr><td class='rDTitel' colspan='2'>Das Kaninchen, die Dunkelheit und ein Trick<\/td><\/tr><tr><td><span class='rDLabel1'>Status: <\/span><span class='rDText1Gruen'>vorhanden<\/span><\/td><td><span class='rDLabel1'>Antolin: <\/span><span class='rDText1Gruen'>ja, Empfehlung Klasse 2<\/span><\/td><\/tr><tr><td width=50%><img src='https:\/\/www.web-rr.de\/GHS-Buecherei\/wp-content\/uploads\/9783280080276.jpg' alt=''><\/td><td><p class='rDLabel2'>von <span class='rDText2'>Nicola O'Byrne<\/span><\/p><p class='rDLabel2'>Verlag: <span class='rDText2'>Orell F\u00fcssli Verlag,  2020,  9.48 \u20ac<\/span><\/p><p class='rDLabel2'>B\u00fccherei-Barcode: <span class='rDText2'>9783280080276<\/span><\/p><p class='rDLabel2'>In der B\u00fccherei erfasst am: <span class='rDText2'>01.12.2022<\/span><\/p><p class='rDLabel2'>Stichw\u00f6rter: <span class='rDText2'>Gutenachtgeschichte, Dunkelheit, Nacht, Kaninchen<\/span><\/p><p class='rDLabel2'>Lesealter ca. <span class='rDText2'>7<\/span><span class='rDLabel2'> Jahre<\/span><\/p><p class='rDLabel2'>Das Buch wurde <span class='rDText2'>0<\/span><span class='rDLabel2'> mal gelesen.<\/span><\/p><\/td><\/tr><tr><td colspan='2'><p class='rDLabel1'>Inhalt:<\/p><span class='rDText2'>Ein kleines Kaninchen will nicht schlafen gehen und \u00fcberlistet die Dunkelheit. Schwupps ist sie in einer Keksdose eingesperrt. Nun wird es nicht mehr dunkel, und das kleine Kaninchen freut sich. Ab jetzt kann es immer aufbleiben! Die \u00fcberraschte Dunkelheit versucht, das Kaninchen zu \u00fcberreden, sie wieder freizulassen, damit die Nachttiere Futter suchen und die Pflanzen sich erholen k\u00f6nnen. Und sie erinnert das kleine Kaninchen daran, dass es, wenn es nicht mehr dunkel wird, es keine Gutenachtgeschichte mehr vorgelesen bekommt und es auch nie mehr ein leckeres Fr\u00fchst\u00fcck gibt. Langsam, ganz langsam begreift das Kaninchen, was die Dunkelheit f\u00fcr sich selbst und alle Lebewesen bedeutet.<\/span><\/td><\/tr><tr><td colspan='2'><a href='#' onclick='history.back(); return false'>Zur\u00fcck<\/a><\/td><\/tr><\/tbody><\/table>\n","protected":false},"excerpt":{"rendered":"<p>&#8211;<\/p>\n","protected":false},"author":1,"featured_media":0,"parent":0,"menu_order":0,"comment_status":"closed","ping_status":"closed","template":"","meta":[],"_links":{"self":[{"href":"https:\/\/www.web-rr.de\/GHS-Buecherei\/index.php\/wp-json\/wp\/v2\/pages\/16020"}],"collection":[{"href":"https:\/\/www.web-rr.de\/GHS-Buecherei\/index.php\/wp-json\/wp\/v2\/pages"}],"about":[{"href":"https:\/\/www.web-rr.de\/GHS-Buecherei\/index.php\/wp-json\/wp\/v2\/types\/page"}],"author":[{"embeddable":true,"href":"https:\/\/www.web-rr.de\/GHS-Buecherei\/index.php\/wp-json\/wp\/v2\/users\/1"}],"replies":[{"embeddable":true,"href":"https:\/\/www.web-rr.de\/GHS-Buecherei\/index.php\/wp-json\/wp\/v2\/comments?post=16020"}],"version-history":[{"count":0,"href":"https:\/\/www.web-rr.de\/GHS-Buecherei\/index.php\/wp-json\/wp\/v2\/pages\/16020\/revisions"}],"wp:attachment":[{"href":"https:\/\/www.web-rr.de\/GHS-Buecherei\/index.php\/wp-json\/wp\/v2\/media?parent=16020"}],"curies":[{"name":"wp","href":"https:\/\/api.w.org\/{rel}","templated":true}]}}