{"id":15987,"date":"2021-05-21T10:00:00","date_gmt":"2021-05-21T10:00:00","guid":{"rendered":"https:\/\/www.web-rr.de\/GHS-Buecherei\/?page_id=15987"},"modified":"2021-05-21T23:00:00","modified_gmt":"2021-05-21T23:00:00","slug":"p9783446268227","status":"publish","type":"page","link":"https:\/\/www.web-rr.de\/GHS-Buecherei\/index.php\/p9783446268227\/","title":{"rendered":"Soziales 43"},"content":{"rendered":"<table><tbody><tr><td class='rDTitel' colspan='2'>Flucht<\/td><\/tr><tr><td><span class='rDLabel1'>Status: <\/span><span class='rDText1Gruen'>vorhanden<\/span><\/td><td><span class='rDLabel1'>Antolin: <\/span><span class='rDText1Gruen'>ja, Empfehlung Klasse 3<\/span><\/td><\/tr><tr><td width=50%><img src='https:\/\/www.web-rr.de\/GHS-Buecherei\/wp-content\/uploads\/9783446268227.jpg' alt=''><\/td><td><p class='rDLabel2'>von <span class='rDText2'>Issa Watanabe<\/span><\/p><p class='rDLabel2'>Verlag: <span class='rDText2'>Carl Hanser Verlag,  2020,  17.00 \u20ac<\/span><\/p><p class='rDLabel2'>B\u00fccherei-Barcode: <span class='rDText2'>9783446268227<\/span><\/p><p class='rDLabel2'>In der B\u00fccherei erfasst am: <span class='rDText2'>09.11.2022<\/span><\/p><p class='rDLabel2'>Stichw\u00f6rter: <span class='rDText2'>Flucht, Individualit\u00e4t, Mitgef\u00fchl, Menschenrechte, Grenzen, Zuhause<\/span><\/p><p class='rDLabel2'>Lesealter ca. <span class='rDText2'>8<\/span><span class='rDLabel2'> Jahre<\/span><\/p><p class='rDLabel2'>Das Buch wurde <span class='rDText2'>0<\/span><span class='rDLabel2'> mal gelesen.<\/span><\/p><\/td><\/tr><tr><td colspan='2'><p class='rDLabel1'>Inhalt:<\/p><span class='rDText2'>\u00dcber Flucht, Individualit\u00e4t, Mitgef\u00fchl und Menschenrechte \u2013 Issa Watanabe illustriert ein bewegendes Bilderbuch ganz ohne Worte.\r\nWie viele Grenzen muss man \u00fcberschreiten, bis man ein Zuhause findet? In eindr\u00fccklichen Bildern und ganz ohne Worte erz\u00e4hlt dieses Buch eine Geschichte, die uns alle angeht: von Menschen, die weltweit auf der Flucht sind. Es ist die Geschichte einer Reise in eine ungewisse Zukunft, auf der die Fl\u00fcchtenden Opfer bringen, geliebte Menschen zur\u00fccklassen und Grenzen \u00fcberwinden m\u00fcssen. Auf der Verlust und Hoffnung nebeneinander existieren. Selbst die St\u00e4rksten sind auf dieser Reise manchmal schwach, selbst die Kleinsten k\u00f6nnen nicht immer gerettet werden. Alle m\u00fcssen mutig sein, um weiterzukommen. Doch wie geht es weiter, wenn die Fl\u00fcchtenden ankommen? Ein Bilderbuch, das viele Interpretationsm\u00f6glichkeiten und Gespr\u00e4chsanl\u00e4sse bietet.<\/span><\/td><\/tr><tr><td colspan='2'><a href='#' onclick='history.back(); return false'>Zur\u00fcck<\/a><\/td><\/tr><\/tbody><\/table>\n","protected":false},"excerpt":{"rendered":"<p>&#8211;<\/p>\n","protected":false},"author":1,"featured_media":0,"parent":0,"menu_order":0,"comment_status":"closed","ping_status":"closed","template":"","meta":[],"_links":{"self":[{"href":"https:\/\/www.web-rr.de\/GHS-Buecherei\/index.php\/wp-json\/wp\/v2\/pages\/15987"}],"collection":[{"href":"https:\/\/www.web-rr.de\/GHS-Buecherei\/index.php\/wp-json\/wp\/v2\/pages"}],"about":[{"href":"https:\/\/www.web-rr.de\/GHS-Buecherei\/index.php\/wp-json\/wp\/v2\/types\/page"}],"author":[{"embeddable":true,"href":"https:\/\/www.web-rr.de\/GHS-Buecherei\/index.php\/wp-json\/wp\/v2\/users\/1"}],"replies":[{"embeddable":true,"href":"https:\/\/www.web-rr.de\/GHS-Buecherei\/index.php\/wp-json\/wp\/v2\/comments?post=15987"}],"version-history":[{"count":0,"href":"https:\/\/www.web-rr.de\/GHS-Buecherei\/index.php\/wp-json\/wp\/v2\/pages\/15987\/revisions"}],"wp:attachment":[{"href":"https:\/\/www.web-rr.de\/GHS-Buecherei\/index.php\/wp-json\/wp\/v2\/media?parent=15987"}],"curies":[{"name":"wp","href":"https:\/\/api.w.org\/{rel}","templated":true}]}}