{"id":15971,"date":"2021-05-21T10:00:00","date_gmt":"2021-05-21T10:00:00","guid":{"rendered":"https:\/\/www.web-rr.de\/GHS-Buecherei\/?page_id=15971"},"modified":"2021-05-21T23:00:00","modified_gmt":"2021-05-21T23:00:00","slug":"p9783866857360","status":"publish","type":"page","link":"https:\/\/www.web-rr.de\/GHS-Buecherei\/index.php\/p9783866857360\/","title":{"rendered":"Detektive 80"},"content":{"rendered":"<table><tbody><tr><td class='rDTitel' colspan='2'>Alle au\u00dfer Kalle: Kinderkrimi<\/td><\/tr><tr><td><span class='rDLabel1'>Status: <\/span><span class='rDText1Gruen'>vorhanden<\/span><\/td><td><span class='rDLabel1'>Antolin: <\/span><span class='rDText1Rot'>Quiz nicht vorhanden.<\/span><\/td><\/tr><tr><td width=50%><img src='https:\/\/www.web-rr.de\/GHS-Buecherei\/wp-content\/uploads\/9783866857360.jpg' alt=''><\/td><td><p class='rDLabel2'>von <span class='rDText2'>Kathrin Marx<\/span><\/p><p class='rDLabel2'>Verlag: <span class='rDText2'>Geest-Verlag,  2019,  11.00 \u20ac<\/span><\/p><p class='rDLabel2'>B\u00fccherei-Barcode: <span class='rDText2'>9783866857360<\/span><\/p><p class='rDLabel2'>In der B\u00fccherei erfasst am: <span class='rDText2'>09.11.2022<\/span><\/p><p class='rDLabel2'>Stichw\u00f6rter: <span class='rDText2'>Kriminalgeschichte, Kaninchenr\u00e4uber, Spannung, Abenteuer, Krimi<\/span><\/p><p class='rDLabel2'>Lesealter ca. <span class='rDText2'>8<\/span><span class='rDLabel2'> Jahre<\/span><\/p><p class='rDLabel2'>Das Buch wurde <span class='rDText2'>0<\/span><span class='rDLabel2'> mal gelesen.<\/span><\/p><\/td><\/tr><tr><td colspan='2'><p class='rDLabel1'>Inhalt:<\/p><span class='rDText2'>Kathrin Marx erz\u00e4hlt f\u00fcr Kinder im Grundschulalter eine \u00e4u\u00dferst spannende Kriminalgeschichte. In Ellenstedt, einem kleinen Dorf in S\u00fcdoldenburg, geht der Kaninchenr\u00e4uber um. Immer mehr der Tiere verschwinden auf geheimnisvolle Art und Weise aus ihren St\u00e4llen. Und die Erwachsenen? Sie tun einfach nichts au\u00dfer reden.\r\nH\u00f6chste Zeit f\u00fcr Kalle und seine Freunde, selbst t\u00e4tig zu wer-den. Rasch sind erste Spuren gefunden, die jedoch ins Nichts f\u00fchren. Der eine oder andere Dorfbewohner wird des Diebstahls verd\u00e4chtigt, bis sich die Kaninchen wiederfinden. Doch noch ist der T\u00e4ter nicht ermittelt.\r\nAls Leser k\u00f6nnt ihr mit kombinieren. Seid ihr schneller als der Club der Kinder um den Anf\u00fchrer Kalle?<\/span><\/td><\/tr><tr><td colspan='2'><a href='#' onclick='history.back(); return false'>Zur\u00fcck<\/a><\/td><\/tr><\/tbody><\/table>\n","protected":false},"excerpt":{"rendered":"<p>&#8211;<\/p>\n","protected":false},"author":1,"featured_media":0,"parent":0,"menu_order":0,"comment_status":"closed","ping_status":"closed","template":"","meta":[],"_links":{"self":[{"href":"https:\/\/www.web-rr.de\/GHS-Buecherei\/index.php\/wp-json\/wp\/v2\/pages\/15971"}],"collection":[{"href":"https:\/\/www.web-rr.de\/GHS-Buecherei\/index.php\/wp-json\/wp\/v2\/pages"}],"about":[{"href":"https:\/\/www.web-rr.de\/GHS-Buecherei\/index.php\/wp-json\/wp\/v2\/types\/page"}],"author":[{"embeddable":true,"href":"https:\/\/www.web-rr.de\/GHS-Buecherei\/index.php\/wp-json\/wp\/v2\/users\/1"}],"replies":[{"embeddable":true,"href":"https:\/\/www.web-rr.de\/GHS-Buecherei\/index.php\/wp-json\/wp\/v2\/comments?post=15971"}],"version-history":[{"count":0,"href":"https:\/\/www.web-rr.de\/GHS-Buecherei\/index.php\/wp-json\/wp\/v2\/pages\/15971\/revisions"}],"wp:attachment":[{"href":"https:\/\/www.web-rr.de\/GHS-Buecherei\/index.php\/wp-json\/wp\/v2\/media?parent=15971"}],"curies":[{"name":"wp","href":"https:\/\/api.w.org\/{rel}","templated":true}]}}